v.
2837
Suppose -2*q = -2*q - 3*q. List the prime factors of (1 - q)/1 - 480/(-3).
7, 23
Let x = 422 - 299. Let j = x + -77. Let l = -14 + j. What are the prime factors of l?
2
List the prime factors of 2 + (-1755)/(-1) - (-20 - -24).
1753
Suppose -5*f - 20 = -f. Suppose -z = 2*j - 13, -6*j + 4*z = -2*j - 56. Let u = f + j. What are the prime factors of u?
2
Let x(m) = 3*m**2 - 37*m + 49. What are the prime factors of x(-21)?
7, 307
Suppose 2*m - 5*m = -12. Suppose m*z + 2*a = 84, 4*z + 2*a - 106 = -z. Let s = 13 + z. List the prime factors of s.
5, 7
Suppose -4*v = -2*x - 21512, -4*x + 5378 = v - 0*x. List the prime factors of v.
2, 2689
Let s be -1*5/(15/6). Let q be (s + -7)/1 - -2. Let i = q - -20. List the prime factors of i.
13
Let f(s) = 1785*s**2 - 12*s + 10. What are the prime factors of f(1)?
1783
Let z be 6/(-36) + 2042/12. Suppose 0 = 4*o + 2*a + z, -2*o + 2*a = -23 + 93. List the prime factors of (-672)/o + 2/10.
17
Let m be -7 + 19 + -2 + 2. List the prime factors of -84*(-4 - (-32)/m).
2, 7
Let h be (2/4)/((-5)/(-60)). Suppose h*x = 5*x. Suppose x = -18*s + 22*s - 100. List the prime factors of s.
5
Let j be -2 + 2 - (-1 - -70). Let p be j/12*2*-2. Let i = p - 11. What are the prime factors of i?
2, 3
Suppose r - 114 + 55 = 0. List the prime factors of r.
59
Let b = -227 - -1008. List the prime factors of b.
11, 71
Suppose y = 2*i - 6205, 0 = -5*i - 2*y + 15369 + 148. List the prime factors of i.
29, 107
Suppose 7*o - 2*o = -5*i + 835, 5*o = -3*i + 509. What are the prime factors of i?
163
What are the prime factors of 24668/(-21)*(0 + 12/(-8))?
2, 881
Let w = 21 + -13. Suppose w + 37 = 3*k. Let t = k + 10. What are the prime factors of t?
5
Let b = 52 + -31. Let c = b - 12. List the prime factors of (-3)/c + (-170)/(-6).
2, 7
Let n = 5186 + 327. What are the prime factors of n?
37, 149
Suppose 3*l - 3*c - 21 = 0, 5*c + 15 = 3*l - 8*l. Suppose 4*v + 2*y + 0*y = 12, -2*v - l*y = -2. What are the prime factors of v?
5
Suppose 135 + 42 = 3*v. Let n = -23 + v. What are the prime factors of n?
2, 3
Suppose -32*q + 3353 = -29*q - d, -2 = -2*d. List the prime factors of q.
2, 13, 43
Let t(l) = 9*l + 16. Let f be t(-3). Let k(n) = n**3 + 10*n**2 - 20*n - 1. What are the prime factors of k(f)?
2, 7
Let n(i) = 121*i**2 - 5*i - 2. Let b = -1 + 4. Let g(k) = 61*k**2 - 3*k - 1. Let s(y) = b*n(y) - 5*g(y). List the prime factors of s(-1).
3, 19
Suppose -30 = 24*n - 29*n. Let p(s) = s**3 - s**2 + s + 6. List the prime factors of p(n).
2, 3
Let b = 2470 - 1539. List the prime factors of b.
7, 19
Let i(n) = 3*n**2 + 3*n - 2. Let u be i(1). Suppose u*y - 57 = y. Let t(w) = -w**3 + 19*w**2 + 2*w - 4. List the prime factors of t(y).
2, 17
Let d(y) = 1 - 2 + 5 - y**2 - 6*y - 3. Let w(f) = 4*f**2 + 18*f - 4. Let o(c) = 7*d(c) + 2*w(c). What are the prime factors of o(8)?
3, 5
Let b(k) = -k + 48. Let s be (-2 - (-5 - -3))/(-1). Let u be b(s). Suppose -u = -3*h - 6. What are the prime factors of h?
2, 7
List the prime factors of (-522)/15*(-100)/8 + 2.
19, 23
Suppose -9*h - 18 = -54. List the prime factors of h.
2
Let c(o) = -o**2 - 5*o + 8. Let n be c(-6). Let p(j) = -j + 10*j**n - 3 + 14*j + j**3 - 5*j. What are the prime factors of p(-9)?
2, 3
Suppose -5*z + 4*p + 14 = 0, -2*p + 1 = z - p. Suppose 3*g - 3*f - 21 = 0, -g - z*g - f = -13. What are the prime factors of (-9)/(-4) - g/20?
2
Let l(k) = -k**2 - 12*k - 12. Let q = 16 - 23. List the prime factors of l(q).
23
Let j = 116 - -160. Suppose 4*v = l + 356, 3*v + 9 = l + j. What are the prime factors of v?
89
Let r(w) be the third derivative of 43*w**4/24 - 2*w**3/3 + 14*w**2. What are the prime factors of r(5)?
211
Suppose -486 = -4*n + 2074. Suppose 2*w = -2*w + n. What are the prime factors of w?
2, 5
Suppose 2 - 4 = 2*w. Let o be w/(-2) - (-70)/20. Suppose -o*g + 3*g = -2*n + 42, -3*g - 26 = -n. What are the prime factors of n?
2, 5
Suppose -2*f - 212 = -3*w + 3*f, -2*f + 136 = 2*w. Let s = 107 - w. What are the prime factors of s?
2, 19
What are the prime factors of 62894/65 + 12/30?
2, 11
Let u = 33 + -33. Suppose 7*f = -u*f + 147. List the prime factors of f.
3, 7
Let n = -626 + 4530. List the prime factors of n.
2, 61
Let q be (-19 - 5)*2/(-6). Let s = -3 + q. Suppose -5*a + 126 = -0*a + 4*m, -4*m = -s*a + 94. What are the prime factors of a?
2, 11
Let s(j) be the second derivative of -j**5/20 - 5*j**4/6 + 3*j**3 + 17*j**2/2 + 9*j. List the prime factors of s(-12).
89
Let d = -9 - -9. Let a(i) = -i + 3. Let h be a(d). Suppose 15 - 51 = -h*f. List the prime factors of f.
2, 3
Let t(r) = 23*r - 16. Let m be t(4). Let n = m + 95. List the prime factors of n.
3, 19
Suppose 5*d = 7 + 8. Let p(n) = -n**2 - 13*n + 3. Let z be p(-13). Suppose 0*t = -5*h + z*t + 106, -d*h - t + 58 = 0. List the prime factors of h.
2, 5
Suppose 5*q - 4*r - 8 = 0, 2*q = -2*r + 5*r - 1. Let h be 1*q - (-12)/6. Suppose 4*y - 4*i = 2*y, i - h = -y. What are the prime factors of y?
2
Let r be 5*(-3)/(60/(-224)). Let f = r + -19. Let m = f - 17. List the prime factors of m.
2, 5
Let i(q) = 214*q - 586. What are the prime factors of i(25)?
2, 3, 397
Let b = -1214 - -2074. List the prime factors of b.
2, 5, 43
Suppose 13*x - 3120 = 3*x. List the prime factors of x.
2, 3, 13
Suppose 19*q - 743 - 568 = 0. What are the prime factors of q?
3, 23
Suppose -34*c + 32*c + 82 = -2*f, -f = c - 39. List the prime factors of c.
2, 5
Let p(s) = s**2 - 12*s - 7. Let k be p(13). Suppose 623 = k*j + j. What are the prime factors of j?
89
Let y be ((-5)/(-25) - 1/5) + 5. Suppose -4*f = 4, -3*f + y*f - 283 = -3*z. What are the prime factors of z?
5, 19
Suppose u + 9*t - 28 = 4*t, 2*u = 5*t - 19. Suppose -3*i - 138 = -5*s + 188, -s = u*i - 76. List the prime factors of s.
67
Let k be (-396)/(-10) - 4/(-10). Let i be 1722/5 + 24/k. Suppose -5*r + i - 85 = 0. What are the prime factors of r?
2, 13
Let y = 1 - -12. Let w = y + 28. What are the prime factors of w?
41
Let w = 35 + 152. What are the prime factors of w?
11, 17
Suppose -q - 2*m - 11 = 3*m, -3*q = 4*m + 33. Let i = q + 15. Suppose 3*j = 2*j + 4, -i*f + j + 16 = 0. What are the prime factors of f?
5
Let l = -88 + 89. What are the prime factors of l/((-4)/(-874)) - (-1)/2?
3, 73
Let w = 4931 - 3468. List the prime factors of w.
7, 11, 19
Let b(a) = 27*a + 13. Let f(h) = -9*h - 4. Let l(p) = 4*b(p) + 14*f(p). What are the prime factors of l(-1)?
2, 7
Let z = 16 + -11. Suppose 4*u = -7 - z, 0 = x - 4*u - 142. What are the prime factors of x?
2, 5, 13
Suppose -5*j - 3*o + 34 = 0, -24 = -3*j - o - 6. Suppose 0 = -j*h - 110 + 1060. What are the prime factors of h?
2, 5, 19
Let v = 67 - 63. Suppose -4 = -v*g, -2*g = 5*o + 2*g - 804. List the prime factors of o.
2, 5
List the prime factors of ((-590317)/(-221) - 8) + 4/(-34).
2663
Suppose 2*r = 6*b + 6*r - 18440, -5*b + 15373 = -3*r. List the prime factors of b.
2, 29, 53
Let x(f) = 3*f**2 + 5*f - 2. Let u(g) = -3*g**2 - 6*g + 1. Let w(h) = 4*u(h) + 5*x(h). What are the prime factors of w(5)?
2, 37
Suppose 105455 = -214*l + 237*l. List the prime factors of l.
5, 7, 131
Let i be -2*(-5 + (5 - 1)). Suppose -i*p + 280 = 2*t - 254, -4*t - 801 = -3*p. List the prime factors of p.
3, 89
Let n = 2 + 6. Let r = n - 12. Let x(d) = -d**3 - d**2 + 3*d - 6. What are the prime factors of x(r)?
2, 3, 5
Let w = -6133 + 10845. What are the prime factors of w?
2, 19, 31
Suppose 2*t - 4*m + 64 + 286 = 0, 2*m + 501 = -3*t. Let b = 214 + t. List the prime factors of b.
3, 5
Suppose 28 - 10 = 3*t. Let o(y) = y**2 - 6*y - 2. Let m be o(t). List the prime factors of ((-39)/m)/((-6)/(-8)).
2, 13
Let b(n) = n**3 + 10*n**2 + 8*n - 6. Let k be b(-9). Let z(t) = t + 7. Let x be z(k). Let i(d) = -d**3 + 10*d**2 + 2*d - 1. List the prime factors of i(x).
19
Let w(a) = -4*a**3 - 28*a**2 - 4*a + 26. List the prime factors of w(-11).
2, 17, 59
Let y(i) = 18*i**2 + 7*i + 16. What are the prime factors of y(-5)?
431
Suppose 0*t = t + 2, 2*y - 4*t = 16. Suppose -5*x + y = -21. Suppose 2*r + q - 19 = 0, r + 2*q - 3*q - x = 0. List the prime factors of r.
2
List the prime factors of 4*(-2*(-894)/(-8))/(-3).
2, 149
Suppose 73*g - 82*g = -6345. List the prime factors of g.
3, 5, 47
List the prime factors of (597/2)/((-18)/(-36)).
3, 199
Let w(v) = -132*v**2 - 8*v - 8. Let d be w